5?
True
Does 22 divide 157049692?
False
Does 16 divide 84557024?
True
Does 1913 divide 262953328?
True
Is 373 a factor of 99688726?
True
Does 2941 divide 650355094?
True
Is 52615559 a multiple of 23?
True
Is 1936988 a multiple of 9?
False
Is 377 a factor of 855790625?
False
Does 14 divide 1050024845?
False
Is 14 a factor of 36123948?
True
Is 649220738 a multiple of 1400?
False
Does 242 divide 44799910?
False
Is 39194541 a multiple of 1171?
True
Is 33527992 a multiple of 4?
True
Does 140 divide 51410541?
False
Does 5 divide 58428149?
False
Is 390 a factor of 847407?
False
Is 1353566 a multiple of 41?
False
Does 74 divide 1040440?
True
Is 2057 a factor of 404525506?
True
Is 60385133 a multiple of 329?
False
Is 335364370 a multiple of 383?
False
Is 327 a factor of 74472600?
False
Is 150 a factor of 11172600?
True
Does 6 divide 1353040068?
True
Does 647 divide 129569167?
False
Is 4800709 a multiple of 405?
False
Is 250 a factor of 192918250?
True
Is 971 a factor of 1243020384?
False
Does 6 divide 12406453?
False
Is 657 a factor of 128379771?
True
Does 3 divide 399823644?
True
Is 5147534 a multiple of 12?
False
Does 2 divide 30524448?
True
Is 7248254 a multiple of 26?
True
Is 7511997 a multiple of 441?
False
Does 9 divide 905682888?
True
Does 16 divide 1050155610?
False
Does 35 divide 437417120?
True
Does 11 divide 43180292?
False
Is 11 a factor of 177428350?
True
Is 13 a factor of 2380507?
False
Is 75 a factor of 1315478545?
False
Does 104 divide 190159323?
False
Is 128901255 a multiple of 651?
True
Is 5 a factor of 67521690?
True
Does 186 divide 53050165?
False
Does 10739 divide 1244637173?
False
Is 57 a factor of 25247797?
False
Is 9567856 a multiple of 16?
True
Does 112 divide 14549372?
False
Is 45732708 a multiple of 756?
True
Is 108675164 a multiple of 1871?
True
Is 221 a factor of 12376106?
False
Does 46 divide 16873072?
False
Is 776 a factor of 168606952?
True
Does 268 divide 338519136?
False
Is 57642327 a multiple of 1065?
False
Does 297 divide 203687862?
False
Does 9 divide 37445775?
False
Is 1252 a factor of 3210274955?
False
Does 3839 divide 278857282?
True
Is 980 a factor of 127253980?
True
Is 384307824 a multiple of 24?
True
Is 129 a factor of 109101285?
False
Does 1279 divide 106385941?
True
Is 32 a factor of 110965344?
True
Does 110 divide 2654521735?
False
Is 209072675 a multiple of 475?
True
Does 92 divide 259066197?
False
Is 414109417 a multiple of 2138?
False
Does 5 divide 649975?
True
Is 3039366264 a multiple of 2073?
True
Is 8414338 even?
True
Is 84 a factor of 1095558699?
False
Does 33 divide 74158399?
False
Is 644855871 a multiple of 33?
True
Is 8 a factor of 99567136?
True
Is 1236 a factor of 1298097151?
False
Is 1068 a factor of 27384252?
False
Is 18 a factor of 298714666?
False
Does 7671 divide 3645381936?
True
Is 3761353625 a multiple of 122?
False
Does 17 divide 1144310290?
True
Does 90 divide 1072343700?
True
Does 2 divide 427235234?
True
Does 3 divide 2958551?
False
Is 19709650 a multiple of 950?
True
Is 36 a factor of 40717296?
True
Does 461 divide 402587157?
False
Does 3 divide 121588275?
True
Is 90 a factor of 58347090?
True
Does 1184 divide 33215936?
True
Is 99 a factor of 1832876685?
False
Is 25332318 a multiple of 117?
False
Does 1244 divide 56507354?
False
Is 2917646077 a multiple of 3866?
False
Is 80064664 a multiple of 41?
False
Is 176 a factor of 384483968?
True
Is 79914564 a multiple of 3803?
False
Does 10 divide 102052710?
True
Does 19 divide 847189344?
False
Is 494 a factor of 2564360417?
False
Does 106 divide 3924124?
False
Is 3984784 a multiple of 55?
False
Does 85 divide 71270645?
False
Is 137005097 a multiple of 53?
False
Does 180 divide 307055160?
True
Does 37 divide 3448513109?
True
Does 94 divide 1195437886?
False
Is 237 a factor of 81100209?
False
Is 40588546 a multiple of 41?
False
Is 3567 a factor of 70091550?
True
Is 24 a factor of 179567623?
False
Is 685 a factor of 6483646?
False
Does 631 divide 6917653?
True
Is 35348892 a multiple of 12?
True
Is 40 a factor of 36481640?
True
Is 191 a factor of 2066230587?
False
Does 150 divide 877048771?
False
Is 6 a factor of 1618465494?
True
Is 24 a factor of 66860808?
True
Does 304 divide 5055520?
True
Is 451329536 a multiple of 478?
False
Is 37161099 a multiple of 51?
True
Does 213 divide 3751531?
False
Does 478 divide 1020956592?
False
Does 10 divide 129141460?
True
Does 82 divide 881094123?
False
Does 2 divide 6695326?
True
Is 2200 a factor of 1771270600?
True
Is 998661600 a multiple of 984?
True
Does 5 divide 1407867431?
False
Is 6967 a factor of 91574248?
True
Does 101 divide 103571309?
False
Is 13 a factor of 276105227?
False
Does 2662 divide 952886858?
True
Is 3413 a factor of 304150176?
False
Is 1741538215 a multiple of 138?
False
Does 318 divide 342753756?
True
Is 336239549 a multiple of 673?
True
Is 156554921 a multiple of 217?
False
Does 13 divide 643171504?
False
Is 262 a factor of 33879730?
False
Does 548 divide 28631584?
False
Is 1250544693 a multiple of 14?
False
Does 167 divide 1299928?
True
Does 11266 divide 3284410778?
True
Does 111 divide 4267173?
True
Does 178 divide 1185932476?
True
Does 130 divide 11496554?
False
Is 7410228 a multiple of 21?
True
Is 3 a factor of 66671160?
True
Is 1148311 a multiple of 25?
False
Is 320 a factor of 48587473?
False
Is 969 a factor of 1105975902?
True
Does 146 divide 251370057?
False
Does 973 divide 32954537?
True
Is 4 a factor of 37757807?
False
Is 57737590 a multiple of 230?
True
Does 1652 divide 69248536?
True
Is 2410 a factor of 359003240?
True
Is 94701509 a multiple of 541?
True
Is 67 a factor of 572403780?
True
Does 210 divide 395578260?
True
Is 62 a factor of 231019455?
False
Is 9518950 a multiple of 12?
False
Is 8 a factor of 266718991?
False
Does 2 divide 8539638?
True
Is 8 a factor of 187836560?
True
Is 4532810 a multiple of 221?
False
Does 30 divide 13933768?
False
Is 231135173 a multiple of 53?
True
Is 166237840 a multiple of 38?
True
Is 44 a factor of 2130938155?
False
Is 1586538689 a multiple of 23?
True
Is 1691 a factor of 334471345?
True
Is 153 a factor of 109510124?
False
Is 37 a factor of 505330423?
True
Is 249 a factor of 740390321?
False
Does 125 divide 9192975?
False
Does 57 divide 111223530?
True
Does 4 divide 119331904?
True
Is 196990751 a multiple of 584?
False
Is 29 a factor of 129860811?
True
Does 4772 divide 758486883?
False
Is 2027046901 a multiple of 11?
True
Does 109 divide 31182991?
False
Does 10 divide 25339190?
True
Is 3267 a factor of 7368986?
False
Is 7947160 a multiple of 68?
True
Is 1249 a factor of 104794847?
True
Is 288 a factor of 97106400?
True
Is 94 a factor of 53773922?
True
Does 427 divide 5723508?
True
Does 23 divide 47997712?
False
Does 554 divide 84686019?
False
Is 1940275068 a multiple of 86?
True
Does 843 divide 7613976?
True
Is 291406659 a multiple of 9?
False
Is 744517745 a multiple of 11?
False
Is 72 a factor of 15817896?
True
Is 13 a factor of 3792775103?
True
Does 70 divide 213272148?
False
Is 937344084 a multiple of 23?
False
Is 75179798 a multiple of 849?
False
Does 11 divide 1499113?
True
Is 27 a factor of 137877795?
True
Does 12 divide 18636926?
False
Does 28 divide 88315109?
False
Is 11283975 a multiple of 1095?
True
Does 71 divide 9980044?
True
Is 266362830 a multiple of 298?
True
Does 483 divide 51299430?
True
Is 588337552 a multiple of 36?
False
Does 1599 divide 2852141097?
True
Is 8 a factor of 90963491?
False
Does 5531 divide 390289484?
True
Does 269 divide 154841958?
False
Is 333714246 a multiple of 13?
False
Is 16 a factor of 223852323?
False
Is 537483789 a multiple of 233?
False
Does 17 divide 37861728?
False
Is 1598 a factor of 233285628?
True
Does 12 divide 18016620?
True
Is 54 a factor of 201207759?
False
Is 5 a factor of 791407042?
False
Is 36 a factor of 14072265?
False
Is 178891833 a multiple of 759?
False
Is 30 a factor of 161459811?
False
Does 73 divide 48027941?
True
Does 1546 divide 19976640?
False
Does 111 divide 5814211635?
True
Is 45553356 a multiple of 3?
True
Is 280 a factor of 25599564?
False
Is 43 a factor of 117685258?
False
Is 532777129 a multiple of 383?
True
Is 51253797 a multiple of 14?
False
Is 1709 a factor of 322752180?
False
Is 195448450 a multiple of 890?
True
Does 7926 divide 1572275358?
False
Is 605 a fa